 r - 9. Let l(j) = 12*j**2 - 4*j - 5. What is the hundreds digit of l(h)?
2
Suppose 0 = -5*t - 3*i + 95, t + 9 = -6*i + 11*i. Let k(n) = 21*n + 48. What is the hundreds digit of k(t)?
3
Suppose 151 = -3*t - 3*w + 88, -3*t + 2*w = 48. What is the hundreds digit of 39216/54 + ((-50)/t - 3)?
7
Let n(q) = -47*q - 1. Suppose -4*t + 18 = 2. Suppose 0 = 2*o + t*b - 18, -4*b + 2 = -5*o - 23. What is the units digit of n(o)?
6
Let u = 30 + -72. Let x be (-16)/(-10) - (u/(-35))/(-3). Suppose -x*j + 163 = -0*j + h, 4*j - h = 341. What is the tens digit of j?
8
Let i = -371 - -554. Let k(p) = i - 5*p**2 - 166 - p**3 + 0*p**2 + p + 0*p**2. What is the hundreds digit of k(-7)?
1
Suppose -17*h + 107987 = 29600. What is the tens digit of h?
1
What is the hundreds digit of 1/((-4)/8) - (5 + -40363)?
3
Suppose 46*t - 51*t = 0. What is the tens digit of ((-3)/(-6) - t)/((-8)/(-528))?
3
Let o = -355 + 357. Suppose -o*s - 627 = -h, -s + 4 = -0. What is the tens digit of h?
3
Let g = -69 - -71. Suppose -z - 246 = -3*a, 154 - 646 = 2*z + g*a. Let d = z + 363. What is the tens digit of d?
1
Suppose -185464 = -34*f + 5548. What is the thousands digit of f?
5
Suppose 28*m - 65490 = -4*o + 30*m, -32725 = -2*o - 3*m. What is the ten thousands digit of o?
1
Suppose 0 = -27*b + 8*b + 96729. Suppose -3*s + 2*y = -0*y - b, -5*s + 2*y = -8485. What is the tens digit of s?
9
Suppose -4*t = 4*p - 98116, 4*t - 9*t + 98111 = 4*p. What is the tens digit of p?
3
Let p = 3135 + -537. Suppose 4*o + 3024 + 1311 = 5*b, -3*b = -3*o - p. What is the hundreds digit of b?
8
Suppose 5*c = 5*j - 45 + 5, -2*j = -c - 12. Let a(s) = s**3 - 11*s**2 + 4*s + 12. Let w be a(11). Suppose w*q = 54*q + j. What is the units digit of q?
2
Let k(d) = 21*d**2 - 3*d - 9. Let w be k(-6). Suppose w = 2*v + 157. Suppose -3*n = -7*n + v. What is the tens digit of n?
7
Let w(s) = -s**3 - 20*s**2 + 7*s + 22. Let d(g) = -2*g**3 - 41*g**2 + 15*g + 45. Let l(o) = 2*d(o) - 5*w(o). What is the hundreds digit of l(-17)?
3
Let s(u) be the third derivative of u**6/120 + u**5/20 - 5*u**4/24 - u**3/6 - 24*u**2. Let j be s(-4). Suppose 8 = -j*o + 44. What is the units digit of o?
2
Let p = 2001 - 1400. What is the hundreds digit of p?
6
Suppose 5*s - 71 = -v, -v = 6*s - 4*s - 56. Suppose o = -4*y - v, -2*o - 2*y = -3*o - 40. What is the units digit of (-4 + -4)/4*o?
4
Let q be 0 - ((-20)/(-4) - 9). Suppose 36 = q*i + 4*o, 4 = 4*i - o - 17. Suppose i*f = 4*f + 92. What is the units digit of f?
6
Let r = -41088 + 81809. What is the hundreds digit of r?
7
Let v(q) = -52*q + 47. Let k be v(2). Let h be -4 + -1 + 9 - -72. Let a = h + k. What is the tens digit of a?
1
Suppose -4*k - 3*t = -36, 2*t + 2 = k + 4. Let r(q) = 4*q + 18. What is the units digit of r(k)?
2
Let r(a) = a**3 + 71*a**2 + 28*a - 1615. What is the thousands digit of r(-63)?
8
Let l = 22461 + -16023. What is the tens digit of l?
3
Let u(o) = 2*o**2 + 28*o - 7. Let g be u(-14). Let t be (-10 - g)*(528/9)/(-4). Let l = t + 130. What is the hundreds digit of l?
1
Suppose -4*b - 2*y = -34236, 0 = -2*b - 2*y - 0*y + 17116. Suppose 4*o = -16*o + b. What is the hundreds digit of o?
4
Let v = 517 - 1120. Let s = v + 933. Let b = s - 74. What is the tens digit of b?
5
Let p be 7/(-21) - (-1)/3. Suppose -4*i + p*g = -g + 841, i - 3*g = -202. Let q = 11 - i. What is the hundreds digit of q?
2
Let o(t) = -88 - 8*t**2 - 9*t**3 + 5*t**3 + 5*t**3 + 0*t**3 + 9*t + 28. What is the hundreds digit of o(10)?
2
Let p(b) = b**2 + 6*b + 24. Let y be p(-3). Let d(s) = 2*s**3 - 25*s**2 + s - 27. What is the thousands digit of d(y)?
1
Let r = -842 + 3865. What is the hundreds digit of r?
0
Let u(q) = -294*q - 4. What is the tens digit of u(-7)?
5
Suppose 14*w - 84 = -14. Suppose 7*q - d = 8*q + w, -2*q + 5*d - 38 = 0. What is the tens digit of ((-213)/2)/(-3) + q/6?
3
Let m(b) = 210*b**2 + 73*b - 570. What is the units digit of m(7)?
1
Suppose 0 = 5*h - 8 - 2. Let s be (50/20)/(h/52). Let i = 155 - s. What is the units digit of i?
0
Suppose -7*c = 2*c - 450. Let k = c - 50. Suppose -3*f + t + 144 = k, 2*t + 79 + 65 = 3*f. What is the units digit of f?
8
What is the tens digit of (-1077)/(-3) + (-495)/(-55)?
6
Let r(v) = v**3 - 16*v**2 - 19*v + 25. Let w(h) = h**3 - 16*h**2 - 20*h + 24. Let u(b) = -3*r(b) + 2*w(b). What is the units digit of u(11)?
5
Let z(y) = 5*y**2 + 44*y + 6. Let a be z(-9). Suppose -69 = -a*k + 1746. What is the units digit of k?
1
Suppose 0 = -42*t + 70*t - 59220. What is the thousands digit of t?
2
Suppose -2*z = 5*x - 0*z - 8, 4*x + 4*z - 4 = 0. Let c be (x - (-759)/9) + 14/21. Suppose -3*i + 350 = 4*f, c = -5*i + f + 678. What is the units digit of i?
8
Suppose 20*i - 26*i - 1626 = 0. Let r = 202 - i. What is the units digit of r?
3
Let r(k) = -2*k**3 - k**2 + 13*k - 31. Let c be r(-10). Suppose -6*b = 53 - c. What is the hundreds digit of b?
2
Let n be (-59)/(1*-1*3/12). Suppose s = z + 5*s - n, 0 = 3*z - 5*s - 623. What is the tens digit of z?
1
Let z(f) = f**2 - f + 7. Let a be z(8). Let q be (-6)/(-111) + 70200/481. Let l = q + a. What is the tens digit of l?
0
Suppose 0 = -193*b + 254*b - 85246 - 1343252. What is the ten thousands digit of b?
2
What is the thousands digit of (42/35)/(56/359660)?
7
Let t(r) = r**2 + r - 2. Let a be t(2). Let d(u) = 10 + 0*u**2 + 5*u**2 + 8 - 9*u + a*u**2. What is the tens digit of d(4)?
2
Suppose 0 = -17*w + 9*w + 16800. Suppose 0 = -5*a + 4*u + w, 4*a - 70*u = -66*u + 1680. What is the hundreds digit of a?
4
Suppose 0 = 21*w - 26*w + 15. Suppose 2*c - 5*k + 110 = 7*c, c - k = 18. Suppose -c = -4*f, 5*u + w*f - 1005 = 2*f. What is the tens digit of u?
0
Let s = -10425 + 14889. What is the tens digit of s?
6
Let p = 26948 + -15912. What is the units digit of p?
6
Let g be 77/14*(-3 - -1). Suppose 5*c = 32 + 98. Let t = c + g. What is the units digit of t?
5
Suppose 0 = 2*d - 2*t + 9 + 13, -3*d - 5*t - 9 = 0. What is the hundreds digit of (-18 - -174)*d/(-6)?
2
Let p(x) = 132*x**2 + 81*x - 111. What is the tens digit of p(-8)?
8
Suppose -2*d - 3*d + 4*d = -13533. What is the units digit of d?
3
Let t = -7058 - -11018. What is the thousands digit of t?
3
Let i(o) = o**3 + 11*o**2 - 13*o - 6. Let x be i(-12). Let m(f) = -120*f + 110. Let d be m(-3). What is the tens digit of d/15*x/4 + -2?
4
Suppose -68*f + 141*f = 1324877. What is the thousands digit of f?
8
Let u = 93 - 94. Let i(o) = -5*o**2 + 30*o + 1. Let k(z) = z**2 - z + 1. Let b(v) = u*i(v) - 6*k(v). What is the tens digit of b(-10)?
3
Let t be ((-15)/3)/(-5)*0. Suppose -20 = -4*a - t. Suppose -5*j + 0*j + 345 = -a*z, 0 = -z + 5. What is the units digit of j?
4
Suppose -23*i = 8*i + 13175. What is the tens digit of (6*(-57)/(-6))/((-15)/i)?
1
Suppose -8*o - 53 + 789 = 0. Suppose z = -5*l + 173, -5*z + 657 = -4*l - o. What is the hundreds digit of z + ((-10)/8 - (-2)/8)?
1
Let r(w) = 6*w**3 - w**2 + w - 4. Let c be 3/(-2*(-12)/(-16)). Let v be r(c). Let l = v - -145. What is the tens digit of l?
8
Let s = 946 + -346. Let o be -89*4 - -11*10/(1210/33). Let i = s + o. What is the units digit of i?
7
Suppose 89073 + 26801 = 11*a. What is the units digit of a?
4
Let g(f) = -f**3 + 4*f**2 + 6*f - 3. Let q be g(5). What is the tens digit of (5*(-16)/(-100))/(q/725)?
9
Let d = 50474 + -24416. What is the tens digit of d?
5
What is the hundreds digit of (((-270)/50)/(-9))/(1/1915)?
1
Let d(x) = x**3 + 6*x**2 - 9*x - 4. Let n be d(-7). Let p(y) = 10 + 0*y + n*y - y**2 + y. What is the tens digit of p(10)?
2
Suppose u = -2*w + 9, w + 6 = u + 3. Let t(a) = -3 + 4*a**2 + a**2 - 5*a - a**2 - 3*a**w. What is the tens digit of t(10)?
4
Suppose -2677 = -4*a - 73. Suppose 5*l = 3*x + a, 4*l + l - 649 = 2*x. What is the tens digit of l?
2
Let h = -37882 - -60610. What is the thousands digit of h?
2
Let d(w) = 3*w**3 + 8*w**2 + w + 133. What is the units digit of d(11)?
5
Suppose 152*f - 158*f = -3600. Let a = -145 + f. What is the tens digit of a?
5
What is the hundreds digit of 5/20*0 + (-46555)/(-5)?
3
Suppose -791048 = -15*s - 179033. What is the units digit of s?
1
Let g be -30*28/(-8)*1. Suppose -x - 3*j - 23 = 0, 3*x - 2*j + g = j. What is the tens digit of -30*(x/6 + -2 - -4)?
0
Let h(p) = 4*p**2 - 268*p + 78. What is the tens digit of h(75)?
7
Suppose -4*r + 2*f = -2192 - 103